{"id":11,"date":"2024-02-19T20:38:52","date_gmt":"2024-02-19T20:38:52","guid":{"rendered":"https:\/\/www.fischervonmollard.de\/?page_id=11"},"modified":"2024-07-22T18:36:56","modified_gmt":"2024-07-22T18:36:56","slug":"vita","status":"publish","type":"page","link":"https:\/\/www.fischervonmollard.de\/?page_id=11","title":{"rendered":"Vita"},"content":{"rendered":"\n<h1 class=\"wp-block-heading\">Mein Profil<\/h1>\n\n\n\n<ul class=\"wp-block-list\">\n<li>Studium am Meistersinger-Konservatorium N\u00fcrnberg 1985-1992<\/li>\n\n\n\n<li>1990\/92 staatliche Musiklehrerpr\u00fcfung f\u00fcr Quer- und Blockfl\u00f6te<\/li>\n\n\n\n<li>2000 Zusatzausbildung f\u00fcr Musikalische Fr\u00fcherziehung<\/li>\n\n\n\n<li>2007 Zusatzausbildung zur Musikgartenleiterin<\/li>\n\n\n\n<li>Seit 2007 Mitglied in der Sebalder Kantorei N\u00fcrnberg<\/li>\n\n\n\n<li>Erg\u00e4nzende Studien f\u00fcr Traversfl\u00f6te<\/li>\n\n\n\n<li>Ensemblespiel in verschiedenen Besetzungen<\/li>\n\n\n\n<li>Langj\u00e4hrige Unterrichtst\u00e4tigkeit an Musikschulen<\/li>\n\n\n\n<li>Jurorent\u00e4tigkeit beim Regionalwettbewerb \u00bbJugend musiziert\u00ab<\/li>\n\n\n\n<li>2011 Erweiterung der Unterrichtst\u00e4tigkeit im Musikhof Traunfeld<\/li>\n\n\n\n<li>Seit 2011 Lehrt\u00e4tigkeit bei den Musikussen Offenhausen<\/li>\n\n\n\n<li>Seit 2019 Musikalische Leitung des Musikensembles der Schembart Gesellschaft N\u00fcrnberg<\/li>\n\n\n\n<li>Seit 2022 Mitglied im Kammerchor Frankonia Vocalis<\/li>\n<\/ul>\n","protected":false},"excerpt":{"rendered":"<p>Mein Profil<\/p>\n","protected":false},"author":1,"featured_media":0,"parent":0,"menu_order":0,"comment_status":"closed","ping_status":"closed","template":"","meta":{"footnotes":""},"class_list":["post-11","page","type-page","status-publish","hentry","post-preview"],"yoast_head":"<!-- This site is optimized with the Yoast SEO plugin v27.4 - https:\/\/yoast.com\/product\/yoast-seo-wordpress\/ -->\n<title>Vita - Christiane Fischer-von-Mollard<\/title>\n<meta name=\"robots\" content=\"index, follow, max-snippet:-1, max-image-preview:large, max-video-preview:-1\" \/>\n<link rel=\"canonical\" href=\"https:\/\/www.fischervonmollard.de\/?page_id=11\" \/>\n<meta property=\"og:locale\" content=\"de_DE\" \/>\n<meta property=\"og:type\" content=\"article\" \/>\n<meta property=\"og:title\" content=\"Vita - Christiane Fischer-von-Mollard\" \/>\n<meta property=\"og:description\" content=\"Mein Profil\" \/>\n<meta property=\"og:url\" content=\"https:\/\/www.fischervonmollard.de\/?page_id=11\" \/>\n<meta property=\"og:site_name\" content=\"Christiane Fischer-von-Mollard\" \/>\n<meta property=\"article:modified_time\" content=\"2024-07-22T18:36:56+00:00\" \/>\n<meta name=\"twitter:card\" content=\"summary_large_image\" \/>\n<script type=\"application\/ld+json\" class=\"yoast-schema-graph\">{\"@context\":\"https:\\\/\\\/schema.org\",\"@graph\":[{\"@type\":\"WebPage\",\"@id\":\"https:\\\/\\\/www.fischervonmollard.de\\\/?page_id=11\",\"url\":\"https:\\\/\\\/www.fischervonmollard.de\\\/?page_id=11\",\"name\":\"Vita - Christiane Fischer-von-Mollard\",\"isPartOf\":{\"@id\":\"https:\\\/\\\/www.fischervonmollard.de\\\/#website\"},\"datePublished\":\"2024-02-19T20:38:52+00:00\",\"dateModified\":\"2024-07-22T18:36:56+00:00\",\"breadcrumb\":{\"@id\":\"https:\\\/\\\/www.fischervonmollard.de\\\/?page_id=11#breadcrumb\"},\"inLanguage\":\"de\",\"potentialAction\":[{\"@type\":\"ReadAction\",\"target\":[\"https:\\\/\\\/www.fischervonmollard.de\\\/?page_id=11\"]}]},{\"@type\":\"BreadcrumbList\",\"@id\":\"https:\\\/\\\/www.fischervonmollard.de\\\/?page_id=11#breadcrumb\",\"itemListElement\":[{\"@type\":\"ListItem\",\"position\":1,\"name\":\"Startseite\",\"item\":\"https:\\\/\\\/www.fischervonmollard.de\\\/\"},{\"@type\":\"ListItem\",\"position\":2,\"name\":\"Vita\"}]},{\"@type\":\"WebSite\",\"@id\":\"https:\\\/\\\/www.fischervonmollard.de\\\/#website\",\"url\":\"https:\\\/\\\/www.fischervonmollard.de\\\/\",\"name\":\"Christiane Fischer von Mollard\",\"description\":\"staatlich gepr\u00fcfte Musiklehrerin N\u00fcrnberg\",\"potentialAction\":[{\"@type\":\"SearchAction\",\"target\":{\"@type\":\"EntryPoint\",\"urlTemplate\":\"https:\\\/\\\/www.fischervonmollard.de\\\/?s={search_term_string}\"},\"query-input\":{\"@type\":\"PropertyValueSpecification\",\"valueRequired\":true,\"valueName\":\"search_term_string\"}}],\"inLanguage\":\"de\"}]}<\/script>\n<!-- \/ Yoast SEO plugin. -->","yoast_head_json":{"title":"Vita - Christiane Fischer-von-Mollard","robots":{"index":"index","follow":"follow","max-snippet":"max-snippet:-1","max-image-preview":"max-image-preview:large","max-video-preview":"max-video-preview:-1"},"canonical":"https:\/\/www.fischervonmollard.de\/?page_id=11","og_locale":"de_DE","og_type":"article","og_title":"Vita - Christiane Fischer-von-Mollard","og_description":"Mein Profil","og_url":"https:\/\/www.fischervonmollard.de\/?page_id=11","og_site_name":"Christiane Fischer-von-Mollard","article_modified_time":"2024-07-22T18:36:56+00:00","twitter_card":"summary_large_image","schema":{"@context":"https:\/\/schema.org","@graph":[{"@type":"WebPage","@id":"https:\/\/www.fischervonmollard.de\/?page_id=11","url":"https:\/\/www.fischervonmollard.de\/?page_id=11","name":"Vita - Christiane Fischer-von-Mollard","isPartOf":{"@id":"https:\/\/www.fischervonmollard.de\/#website"},"datePublished":"2024-02-19T20:38:52+00:00","dateModified":"2024-07-22T18:36:56+00:00","breadcrumb":{"@id":"https:\/\/www.fischervonmollard.de\/?page_id=11#breadcrumb"},"inLanguage":"de","potentialAction":[{"@type":"ReadAction","target":["https:\/\/www.fischervonmollard.de\/?page_id=11"]}]},{"@type":"BreadcrumbList","@id":"https:\/\/www.fischervonmollard.de\/?page_id=11#breadcrumb","itemListElement":[{"@type":"ListItem","position":1,"name":"Startseite","item":"https:\/\/www.fischervonmollard.de\/"},{"@type":"ListItem","position":2,"name":"Vita"}]},{"@type":"WebSite","@id":"https:\/\/www.fischervonmollard.de\/#website","url":"https:\/\/www.fischervonmollard.de\/","name":"Christiane Fischer von Mollard","description":"staatlich gepr\u00fcfte Musiklehrerin N\u00fcrnberg","potentialAction":[{"@type":"SearchAction","target":{"@type":"EntryPoint","urlTemplate":"https:\/\/www.fischervonmollard.de\/?s={search_term_string}"},"query-input":{"@type":"PropertyValueSpecification","valueRequired":true,"valueName":"search_term_string"}}],"inLanguage":"de"}]}},"_links":{"self":[{"href":"https:\/\/www.fischervonmollard.de\/index.php?rest_route=\/wp\/v2\/pages\/11","targetHints":{"allow":["GET"]}}],"collection":[{"href":"https:\/\/www.fischervonmollard.de\/index.php?rest_route=\/wp\/v2\/pages"}],"about":[{"href":"https:\/\/www.fischervonmollard.de\/index.php?rest_route=\/wp\/v2\/types\/page"}],"author":[{"embeddable":true,"href":"https:\/\/www.fischervonmollard.de\/index.php?rest_route=\/wp\/v2\/users\/1"}],"replies":[{"embeddable":true,"href":"https:\/\/www.fischervonmollard.de\/index.php?rest_route=%2Fwp%2Fv2%2Fcomments&post=11"}],"version-history":[{"count":7,"href":"https:\/\/www.fischervonmollard.de\/index.php?rest_route=\/wp\/v2\/pages\/11\/revisions"}],"predecessor-version":[{"id":205,"href":"https:\/\/www.fischervonmollard.de\/index.php?rest_route=\/wp\/v2\/pages\/11\/revisions\/205"}],"wp:attachment":[{"href":"https:\/\/www.fischervonmollard.de\/index.php?rest_route=%2Fwp%2Fv2%2Fmedia&parent=11"}],"curies":[{"name":"wp","href":"https:\/\/api.w.org\/{rel}","templated":true}]}}

<h1 class="wp-block-heading">Mein Profil</h1>



<ul class="wp-block-list">
<li>Studium am Meistersinger-Konservatorium Nürnberg 1985-1992</li>



<li>1990/92 staatliche Musiklehrerprüfung für Quer- und Blockflöte</li>



<li>2000 Zusatzausbildung für Musikalische Früherziehung</li>



<li>2007 Zusatzausbildung zur Musikgartenleiterin</li>



<li>Seit 2007 Mitglied in der Sebalder Kantorei Nürnberg</li>



<li>Ergänzende Studien für Traversflöte</li>



<li>Ensemblespiel in verschiedenen Besetzungen</li>



<li>Langjährige Unterrichtstätigkeit an Musikschulen</li>



<li>Jurorentätigkeit beim Regionalwettbewerb »Jugend musiziert«</li>



<li>2011 Erweiterung der Unterrichtstätigkeit im Musikhof Traunfeld</li>



<li>Seit 2011 Lehrtätigkeit bei den Musikussen Offenhausen</li>



<li>Seit 2019 Musikalische Leitung des Musikensembles der Schembart Gesellschaft Nürnberg</li>



<li>Seit 2022 Mitglied im Kammerchor Frankonia Vocalis</li>
</ul>

<!-- This site is optimized with the Yoast SEO plugin v27.4 - https://yoast.com/product/yoast-seo-wordpress/ -->
<title>Vita - Christiane Fischer-von-Mollard</title>
<meta name="robots" content="index, follow, max-snippet:-1, max-image-preview:large, max-video-preview:-1" />
<link rel="canonical" href="https://www.fischervonmollard.de/?page_id=11" />
<meta property="og:locale" content="de_DE" />
<meta property="og:type" content="article" />
<meta property="og:title" content="Vita - Christiane Fischer-von-Mollard" />
<meta property="og:description" content="Mein Profil" />
<meta property="og:url" content="https://www.fischervonmollard.de/?page_id=11" />
<meta property="og:site_name" content="Christiane Fischer-von-Mollard" />
<meta property="article:modified_time" content="2024-07-22T18:36:56+00:00" />
<meta name="twitter:card" content="summary_large_image" />
<script type="application/ld+json" class="yoast-schema-graph">{"@context":"https:\/\/schema.org","@graph":[{"@type":"WebPage","@id":"https:\/\/www.fischervonmollard.de\/?page_id=11","url":"https:\/\/www.fischervonmollard.de\/?page_id=11","name":"Vita - Christiane Fischer-von-Mollard","isPartOf":{"@id":"https:\/\/www.fischervonmollard.de\/#website"},"datePublished":"2024-02-19T20:38:52+00:00","dateModified":"2024-07-22T18:36:56+00:00","breadcrumb":{"@id":"https:\/\/www.fischervonmollard.de\/?page_id=11#breadcrumb"},"inLanguage":"de","potentialAction":[{"@type":"ReadAction","target":["https:\/\/www.fischervonmollard.de\/?page_id=11"]}]},{"@type":"BreadcrumbList","@id":"https:\/\/www.fischervonmollard.de\/?page_id=11#breadcrumb","itemListElement":[{"@type":"ListItem","position":1,"name":"Startseite","item":"https:\/\/www.fischervonmollard.de\/"},{"@type":"ListItem","position":2,"name":"Vita"}]},{"@type":"WebSite","@id":"https:\/\/www.fischervonmollard.de\/#website","url":"https:\/\/www.fischervonmollard.de\/","name":"Christiane Fischer von Mollard","description":"staatlich geprüfte Musiklehrerin Nürnberg","potentialAction":[{"@type":"SearchAction","target":{"@type":"EntryPoint","urlTemplate":"https:\/\/www.fischervonmollard.de\/?s={search_term_string}"},"query-input":{"@type":"PropertyValueSpecification","valueRequired":true,"valueName":"search_term_string"}}],"inLanguage":"de"}]}</script>
<!-- / Yoast SEO plugin. -->

staatlich geprüfte Musiklehrerin Nürnberg
